{"id":1983,"date":"2023-12-23T21:43:02","date_gmt":"2023-12-23T20:43:02","guid":{"rendered":"https:\/\/sleepyfrance.fr\/?post_type=product&#038;p=1983"},"modified":"2024-11-05T01:47:10","modified_gmt":"2024-11-05T00:47:10","slug":"sleepy-easy-clean-le-lot-de-1-paquet-de-100-lingettes-nettoyantes-multi-usages-parfume-a-leau-de-javel","status":"publish","type":"product","link":"https:\/\/www.sleepyfrance.fr\/index.php\/produit\/sleepy-easy-clean-le-lot-de-1-paquet-de-100-lingettes-nettoyantes-multi-usages-parfume-a-leau-de-javel\/","title":{"rendered":"Sleepy Easy Clean le lot de 1 Paquet de 100 lingettes nettoyantes multi-usages \u00e0 l&#8217;Eau de javel"},"content":{"rendered":"<h2><img fetchpriority=\"high\" decoding=\"async\" class=\"size-full wp-image-1865 aligncenter\" src=\"http:\/\/sleepyfrance.fr\/wp-content\/uploads\/2023\/12\/easycleanmmm.jpg\" alt=\"\" width=\"1600\" height=\"425\" srcset=\"https:\/\/www.sleepyfrance.fr\/wp-content\/uploads\/2023\/12\/easycleanmmm.jpg 1600w, https:\/\/www.sleepyfrance.fr\/wp-content\/uploads\/2023\/12\/easycleanmmm-300x80.jpg 300w, https:\/\/www.sleepyfrance.fr\/wp-content\/uploads\/2023\/12\/easycleanmmm-1024x272.jpg 1024w, https:\/\/www.sleepyfrance.fr\/wp-content\/uploads\/2023\/12\/easycleanmmm-768x204.jpg 768w, https:\/\/www.sleepyfrance.fr\/wp-content\/uploads\/2023\/12\/easycleanmmm-1536x408.jpg 1536w, https:\/\/www.sleepyfrance.fr\/wp-content\/uploads\/2023\/12\/easycleanmmm-1320x351.jpg 1320w, https:\/\/www.sleepyfrance.fr\/wp-content\/uploads\/2023\/12\/easycleanmmm-504x134.jpg 504w\" sizes=\"(max-width: 1600px) 100vw, 1600px\" \/><\/h2>\n<h2>Facile \u00e0 nettoyer<\/h2>\n<p>Nos lingettes de nettoyage humides Sleepy Easy Clean misent sur la puissance des ingr\u00e9dients naturels tels que le vinaigre blanc et le Bicarbonate de soude pour \u00e9liminer facilement m\u00eame les salet\u00e9s les plus tenaces. Elles ne laissent pas de traces et donnent une finition brillante, que ce soit dans la salle de bain, la cuisine, sur les fen\u00eatres ou les tapis.<\/p>\n<h2>R\u00e9sistant aux intemp\u00e9ries<\/h2>\n<p>Apr\u00e8s chaque nettoyage, profitez du parfum rafra\u00eechissant au pin bleu qui apporte une touche de fra\u00eecheur et de propret\u00e9 \u00e0 votre maison. Le parfum agr\u00e9able donne non seulement \u00e0 vos surfaces, mais aussi \u00e0 l&#8217;air ambiant une touche vivifiante.<\/p>\n<h2>Entretien<\/h2>\n<p>Nos lingettes de nettoyage humides sont \u00e9quip\u00e9s d&#8217;une formule puissante qui combat m\u00eame les salet\u00e9s les plus tenaces. Que ce soit dans la salle de bain, sur les appareils \u00e9lectriques tels que la TV et le PC ou sur les fen\u00eatres, ces lingettes sont la solution ultime pour un nettoyage en profondeur.<\/p>\n<h2>Caract\u00e9ristiques<\/h2>\n<p>Avec leur structure extra large et \u00e9paisse, nos lingettes de nettoyage offrent un nettoyage parfait avec une seule feuille. Chaque lingettes est g\u00e9n\u00e9reusement dimensionn\u00e9 pour couvrir une plus grande surface, tout en \u00e9tant assez \u00e9pais pour faire face aux salet\u00e9s tenaces. Ainsi, vous pouvez nettoyer une vari\u00e9t\u00e9 de surfaces avec facilit\u00e9.<\/p>\n<p>Nos lingettes de nettoyage humides Sleepy Easy Clean sont non seulement efficaces, mais aussi respectueux de l&#8217;environnement. Ils ne contiennent pas de parabens, de SLS ou de chlore, ce qui les rend non seulement bons pour vos surfaces, mais aussi pour l&#8217;environnement. Avec 100 lingettes dans une bo\u00eete distributrice pratique, elles offrent une solution durable pour vos besoins de nettoyage.<\/p>\n<p>&nbsp;<\/p>\n<p><img decoding=\"async\" class=\"size-full wp-image-1854 aligncenter\" src=\"http:\/\/sleepyfrance.fr\/wp-content\/uploads\/2023\/12\/teste8.jpg\" alt=\"\" width=\"1600\" height=\"1560\" srcset=\"https:\/\/www.sleepyfrance.fr\/wp-content\/uploads\/2023\/12\/teste8.jpg 1600w, https:\/\/www.sleepyfrance.fr\/wp-content\/uploads\/2023\/12\/teste8-300x293.jpg 300w, https:\/\/www.sleepyfrance.fr\/wp-content\/uploads\/2023\/12\/teste8-1024x998.jpg 1024w, https:\/\/www.sleepyfrance.fr\/wp-content\/uploads\/2023\/12\/teste8-768x749.jpg 768w, https:\/\/www.sleepyfrance.fr\/wp-content\/uploads\/2023\/12\/teste8-1536x1498.jpg 1536w, https:\/\/www.sleepyfrance.fr\/wp-content\/uploads\/2023\/12\/teste8-1320x1287.jpg 1320w, https:\/\/www.sleepyfrance.fr\/wp-content\/uploads\/2023\/12\/teste8-504x491.jpg 504w\" sizes=\"(max-width: 1600px) 100vw, 1600px\" \/><\/p>\n","protected":false},"excerpt":{"rendered":"<div style=\"width: 1200px;\" class=\"wp-video\"><video class=\"wp-video-shortcode\" id=\"video-1983-1\" width=\"1200\" height=\"675\" poster=\"http:\/\/sleepyfrance.fr\/wp-content\/uploads\/2023\/12\/41D4gzgJARL.jpg\" preload=\"metadata\" controls=\"controls\"><source type=\"video\/mp4\" src=\"http:\/\/sleepyfrance.fr\/wp-content\/uploads\/2023\/12\/Easyclean_1920x1080_FRA.mp4?_=1\" \/><a href=\"http:\/\/sleepyfrance.fr\/wp-content\/uploads\/2023\/12\/Easyclean_1920x1080_FRA.mp4\">http:\/\/sleepyfrance.fr\/wp-content\/uploads\/2023\/12\/Easyclean_1920x1080_FRA.mp4<\/a><\/video><\/div>\n","protected":false},"featured_media":1984,"comment_status":"open","ping_status":"closed","template":"","meta":[],"product_cat":[66],"product_tag":[],"class_list":{"0":"post-1983","1":"product","2":"type-product","3":"status-publish","4":"has-post-thumbnail","5":"hentry","6":"product_cat-lingette","8":"entry","9":"has-media","10":"owp-thumbs-layout-horizontal","11":"owp-btn-normal","12":"owp-tabs-layout-horizontal","13":"has-product-nav"},"yoast_head":"<!-- This site is optimized with the Yoast SEO plugin v21.6 - https:\/\/yoast.com\/wordpress\/plugins\/seo\/ -->\n<title>Sleepy Easy Clean le lot de 1 Paquet de 100 lingettes nettoyantes multi-usages \u00e0 l&#039;Eau de javel - Sleepyfrance.fr<\/title>\n<meta name=\"robots\" content=\"index, follow, max-snippet:-1, max-image-preview:large, max-video-preview:-1\" \/>\n<link rel=\"canonical\" href=\"https:\/\/www.sleepyfrance.fr\/index.php\/produit\/sleepy-easy-clean-le-lot-de-1-paquet-de-100-lingettes-nettoyantes-multi-usages-parfume-a-leau-de-javel\/\" \/>\n<meta property=\"og:locale\" content=\"en_US\" \/>\n<meta property=\"og:type\" content=\"article\" \/>\n<meta property=\"og:title\" content=\"Sleepy Easy Clean le lot de 1 Paquet de 100 lingettes nettoyantes multi-usages \u00e0 l&#039;Eau de javel - Sleepyfrance.fr\" \/>\n<meta property=\"og:url\" content=\"https:\/\/www.sleepyfrance.fr\/index.php\/produit\/sleepy-easy-clean-le-lot-de-1-paquet-de-100-lingettes-nettoyantes-multi-usages-parfume-a-leau-de-javel\/\" \/>\n<meta property=\"og:site_name\" content=\"Sleepyfrance.fr\" \/>\n<meta property=\"article:modified_time\" content=\"2024-11-05T00:47:10+00:00\" \/>\n<meta property=\"og:image\" content=\"https:\/\/www.sleepyfrance.fr\/wp-content\/uploads\/2023\/12\/EASY-BLEU-100.jpg\" \/>\n\t<meta property=\"og:image:width\" content=\"572\" \/>\n\t<meta property=\"og:image:height\" content=\"764\" \/>\n\t<meta property=\"og:image:type\" content=\"image\/jpeg\" \/>\n<meta name=\"twitter:card\" content=\"summary_large_image\" \/>\n<meta name=\"twitter:description\" content=\"[video width=&quot;1920&quot; height=&quot;1080&quot; mp4=&quot;http:\/\/sleepyfrance.fr\/wp-content\/uploads\/2023\/12\/Easyclean_1920x1080_FRA.mp4&quot; poster=&quot;http:\/\/sleepyfrance.fr\/wp-content\/uploads\/2023\/12\/41D4gzgJARL.jpg&quot;][\/video]\" \/>\n<meta name=\"twitter:label1\" content=\"Est. reading time\" \/>\n\t<meta name=\"twitter:data1\" content=\"2 minutes\" \/>\n<script type=\"application\/ld+json\" class=\"yoast-schema-graph\">{\"@context\":\"https:\/\/schema.org\",\"@graph\":[{\"@type\":\"WebPage\",\"@id\":\"https:\/\/www.sleepyfrance.fr\/index.php\/produit\/sleepy-easy-clean-le-lot-de-1-paquet-de-100-lingettes-nettoyantes-multi-usages-parfume-a-leau-de-javel\/\",\"url\":\"https:\/\/www.sleepyfrance.fr\/index.php\/produit\/sleepy-easy-clean-le-lot-de-1-paquet-de-100-lingettes-nettoyantes-multi-usages-parfume-a-leau-de-javel\/\",\"name\":\"Sleepy Easy Clean le lot de 1 Paquet de 100 lingettes nettoyantes multi-usages \u00e0 l'Eau de javel - Sleepyfrance.fr\",\"isPartOf\":{\"@id\":\"https:\/\/www.sleepyfrance.fr\/#website\"},\"datePublished\":\"2023-12-23T20:43:02+00:00\",\"dateModified\":\"2024-11-05T00:47:10+00:00\",\"breadcrumb\":{\"@id\":\"https:\/\/www.sleepyfrance.fr\/index.php\/produit\/sleepy-easy-clean-le-lot-de-1-paquet-de-100-lingettes-nettoyantes-multi-usages-parfume-a-leau-de-javel\/#breadcrumb\"},\"inLanguage\":\"en-US\",\"potentialAction\":[{\"@type\":\"ReadAction\",\"target\":[\"https:\/\/www.sleepyfrance.fr\/index.php\/produit\/sleepy-easy-clean-le-lot-de-1-paquet-de-100-lingettes-nettoyantes-multi-usages-parfume-a-leau-de-javel\/\"]}]},{\"@type\":\"BreadcrumbList\",\"@id\":\"https:\/\/www.sleepyfrance.fr\/index.php\/produit\/sleepy-easy-clean-le-lot-de-1-paquet-de-100-lingettes-nettoyantes-multi-usages-parfume-a-leau-de-javel\/#breadcrumb\",\"itemListElement\":[{\"@type\":\"ListItem\",\"position\":1,\"name\":\"Accueil\",\"item\":\"https:\/\/www.sleepyfrance.fr\/\"},{\"@type\":\"ListItem\",\"position\":2,\"name\":\"Shop\",\"item\":\"https:\/\/www.sleepyfrance.fr\/index.php\/shop\/\"},{\"@type\":\"ListItem\",\"position\":3,\"name\":\"Sleepy Easy Clean le lot de 1 Paquet de 100 lingettes nettoyantes multi-usages \u00e0 l&#8217;Eau de javel\"}]},{\"@type\":\"WebSite\",\"@id\":\"https:\/\/www.sleepyfrance.fr\/#website\",\"url\":\"https:\/\/www.sleepyfrance.fr\/\",\"name\":\"Sleepyfrance.fr\",\"description\":\"Marketsleepy\",\"publisher\":{\"@id\":\"https:\/\/www.sleepyfrance.fr\/#organization\"},\"potentialAction\":[{\"@type\":\"SearchAction\",\"target\":{\"@type\":\"EntryPoint\",\"urlTemplate\":\"https:\/\/www.sleepyfrance.fr\/?s={search_term_string}\"},\"query-input\":\"required name=search_term_string\"}],\"inLanguage\":\"en-US\"},{\"@type\":\"Organization\",\"@id\":\"https:\/\/www.sleepyfrance.fr\/#organization\",\"name\":\"Sleepyfrance.fr\",\"url\":\"https:\/\/www.sleepyfrance.fr\/\",\"logo\":{\"@type\":\"ImageObject\",\"inLanguage\":\"en-US\",\"@id\":\"https:\/\/www.sleepyfrance.fr\/#\/schema\/logo\/image\/\",\"url\":\"https:\/\/www.sleepyfrance.fr\/wp-content\/uploads\/2023\/12\/1-LOGO-SLEEPY-SANS-FOND.png\",\"contentUrl\":\"https:\/\/www.sleepyfrance.fr\/wp-content\/uploads\/2023\/12\/1-LOGO-SLEEPY-SANS-FOND.png\",\"width\":503,\"height\":496,\"caption\":\"Sleepyfrance.fr\"},\"image\":{\"@id\":\"https:\/\/www.sleepyfrance.fr\/#\/schema\/logo\/image\/\"}}]}<\/script>\n<!-- \/ Yoast SEO plugin. -->","yoast_head_json":{"title":"Sleepy Easy Clean le lot de 1 Paquet de 100 lingettes nettoyantes multi-usages \u00e0 l'Eau de javel - Sleepyfrance.fr","robots":{"index":"index","follow":"follow","max-snippet":"max-snippet:-1","max-image-preview":"max-image-preview:large","max-video-preview":"max-video-preview:-1"},"canonical":"https:\/\/www.sleepyfrance.fr\/index.php\/produit\/sleepy-easy-clean-le-lot-de-1-paquet-de-100-lingettes-nettoyantes-multi-usages-parfume-a-leau-de-javel\/","og_locale":"en_US","og_type":"article","og_title":"Sleepy Easy Clean le lot de 1 Paquet de 100 lingettes nettoyantes multi-usages \u00e0 l'Eau de javel - Sleepyfrance.fr","og_url":"https:\/\/www.sleepyfrance.fr\/index.php\/produit\/sleepy-easy-clean-le-lot-de-1-paquet-de-100-lingettes-nettoyantes-multi-usages-parfume-a-leau-de-javel\/","og_site_name":"Sleepyfrance.fr","article_modified_time":"2024-11-05T00:47:10+00:00","og_image":[{"width":572,"height":764,"url":"https:\/\/www.sleepyfrance.fr\/wp-content\/uploads\/2023\/12\/EASY-BLEU-100.jpg","type":"image\/jpeg"}],"twitter_card":"summary_large_image","twitter_description":"[video width=\"1920\" height=\"1080\" mp4=\"http:\/\/sleepyfrance.fr\/wp-content\/uploads\/2023\/12\/Easyclean_1920x1080_FRA.mp4\" poster=\"http:\/\/sleepyfrance.fr\/wp-content\/uploads\/2023\/12\/41D4gzgJARL.jpg\"][\/video]","twitter_misc":{"Est. reading time":"2 minutes"},"schema":{"@context":"https:\/\/schema.org","@graph":[{"@type":"WebPage","@id":"https:\/\/www.sleepyfrance.fr\/index.php\/produit\/sleepy-easy-clean-le-lot-de-1-paquet-de-100-lingettes-nettoyantes-multi-usages-parfume-a-leau-de-javel\/","url":"https:\/\/www.sleepyfrance.fr\/index.php\/produit\/sleepy-easy-clean-le-lot-de-1-paquet-de-100-lingettes-nettoyantes-multi-usages-parfume-a-leau-de-javel\/","name":"Sleepy Easy Clean le lot de 1 Paquet de 100 lingettes nettoyantes multi-usages \u00e0 l'Eau de javel - Sleepyfrance.fr","isPartOf":{"@id":"https:\/\/www.sleepyfrance.fr\/#website"},"datePublished":"2023-12-23T20:43:02+00:00","dateModified":"2024-11-05T00:47:10+00:00","breadcrumb":{"@id":"https:\/\/www.sleepyfrance.fr\/index.php\/produit\/sleepy-easy-clean-le-lot-de-1-paquet-de-100-lingettes-nettoyantes-multi-usages-parfume-a-leau-de-javel\/#breadcrumb"},"inLanguage":"en-US","potentialAction":[{"@type":"ReadAction","target":["https:\/\/www.sleepyfrance.fr\/index.php\/produit\/sleepy-easy-clean-le-lot-de-1-paquet-de-100-lingettes-nettoyantes-multi-usages-parfume-a-leau-de-javel\/"]}]},{"@type":"BreadcrumbList","@id":"https:\/\/www.sleepyfrance.fr\/index.php\/produit\/sleepy-easy-clean-le-lot-de-1-paquet-de-100-lingettes-nettoyantes-multi-usages-parfume-a-leau-de-javel\/#breadcrumb","itemListElement":[{"@type":"ListItem","position":1,"name":"Accueil","item":"https:\/\/www.sleepyfrance.fr\/"},{"@type":"ListItem","position":2,"name":"Shop","item":"https:\/\/www.sleepyfrance.fr\/index.php\/shop\/"},{"@type":"ListItem","position":3,"name":"Sleepy Easy Clean le lot de 1 Paquet de 100 lingettes nettoyantes multi-usages \u00e0 l&#8217;Eau de javel"}]},{"@type":"WebSite","@id":"https:\/\/www.sleepyfrance.fr\/#website","url":"https:\/\/www.sleepyfrance.fr\/","name":"Sleepyfrance.fr","description":"Marketsleepy","publisher":{"@id":"https:\/\/www.sleepyfrance.fr\/#organization"},"potentialAction":[{"@type":"SearchAction","target":{"@type":"EntryPoint","urlTemplate":"https:\/\/www.sleepyfrance.fr\/?s={search_term_string}"},"query-input":"required name=search_term_string"}],"inLanguage":"en-US"},{"@type":"Organization","@id":"https:\/\/www.sleepyfrance.fr\/#organization","name":"Sleepyfrance.fr","url":"https:\/\/www.sleepyfrance.fr\/","logo":{"@type":"ImageObject","inLanguage":"en-US","@id":"https:\/\/www.sleepyfrance.fr\/#\/schema\/logo\/image\/","url":"https:\/\/www.sleepyfrance.fr\/wp-content\/uploads\/2023\/12\/1-LOGO-SLEEPY-SANS-FOND.png","contentUrl":"https:\/\/www.sleepyfrance.fr\/wp-content\/uploads\/2023\/12\/1-LOGO-SLEEPY-SANS-FOND.png","width":503,"height":496,"caption":"Sleepyfrance.fr"},"image":{"@id":"https:\/\/www.sleepyfrance.fr\/#\/schema\/logo\/image\/"}}]}},"jetpack_sharing_enabled":true,"_links":{"self":[{"href":"https:\/\/www.sleepyfrance.fr\/index.php\/wp-json\/wp\/v2\/product\/1983","targetHints":{"allow":["GET"]}}],"collection":[{"href":"https:\/\/www.sleepyfrance.fr\/index.php\/wp-json\/wp\/v2\/product"}],"about":[{"href":"https:\/\/www.sleepyfrance.fr\/index.php\/wp-json\/wp\/v2\/types\/product"}],"replies":[{"embeddable":true,"href":"https:\/\/www.sleepyfrance.fr\/index.php\/wp-json\/wp\/v2\/comments?post=1983"}],"wp:featuredmedia":[{"embeddable":true,"href":"https:\/\/www.sleepyfrance.fr\/index.php\/wp-json\/wp\/v2\/media\/1984"}],"wp:attachment":[{"href":"https:\/\/www.sleepyfrance.fr\/index.php\/wp-json\/wp\/v2\/media?parent=1983"}],"wp:term":[{"taxonomy":"product_cat","embeddable":true,"href":"https:\/\/www.sleepyfrance.fr\/index.php\/wp-json\/wp\/v2\/product_cat?post=1983"},{"taxonomy":"product_tag","embeddable":true,"href":"https:\/\/www.sleepyfrance.fr\/index.php\/wp-json\/wp\/v2\/product_tag?post=1983"}],"curies":[{"name":"wp","href":"https:\/\/api.w.org\/{rel}","templated":true}]}}