{"id":1380,"date":"2023-12-19T22:46:38","date_gmt":"2023-12-19T21:46:38","guid":{"rendered":"https:\/\/sleepyfrance.fr\/?post_type=product&#038;p=1380"},"modified":"2023-12-21T22:43:14","modified_gmt":"2023-12-21T21:43:14","slug":"couche-bio-natural-taille-2-pack-economique-136-pcs","status":"publish","type":"product","link":"https:\/\/www.sleepyfrance.fr\/index.php\/produit\/couche-bio-natural-taille-2-pack-economique-136-pcs\/","title":{"rendered":"COUCHE BIO NATURAL TAILLE 2 PACK ECONOMIQUE 136 PCS"},"content":{"rendered":"<p>D\u00e9couvrez le summum du confort et de la durabilit\u00e9 avec nos couches b\u00e9b\u00e9 Sleepy Bio Natural. Con\u00e7ues avec soin, ces couches sont fabriqu\u00e9es \u00e0 partir d\u2019une combinaison de mat\u00e9riaux \u00e9cologiques, offrant une protection douce et respectueuse de l\u2019environnement.<\/p>\n<p>Le bambou, connu pour sa douceur exceptionnelle, est au c\u0153ur de la conception, assurant une sensation agr\u00e9able contre la peau d\u00e9licate de votre b\u00e9b\u00e9. Le coton naturel ajoute une touche de douceur suppl\u00e9mentaire, garantissant un confort optimal tout au long de la journ\u00e9e.<\/p>\n<p>Notre engagement envers l\u2019environnement est \u00e9vident avec l\u2019utilisation d\u2019eau pure, r\u00e9duisant l\u2019empreinte \u00e9cologique tout en pr\u00e9servant la puret\u00e9 n\u00e9cessaire pour les tout-petits. La canne \u00e0 sucre, une ressource renouvelable, est int\u00e9gr\u00e9e dans le mat\u00e9riau pour renforcer notre engagement en faveur de la durabilit\u00e9.<\/p>\n<p>Pour une note gourmande, le lait d\u2019amande est inclus, offrant une douceur suppl\u00e9mentaire et une sensation d\u00e9licate. Ces couches garantissent une protection fiable tout en prenant soin de la peau de votre b\u00e9b\u00e9 de mani\u00e8re naturelle.<\/p>\n<p>Optez pour les couches Sleepy Bio Natural, le choix conscient pour les parents soucieux du bien-\u00eatre de leur b\u00e9b\u00e9 et de l\u2019environnement.<\/p>\n<div style=\"width: 1200px;\" class=\"wp-video\"><video class=\"wp-video-shortcode\" id=\"video-1380-1\" width=\"1200\" height=\"675\" preload=\"metadata\" controls=\"controls\"><source type=\"video\/mp4\" src=\"http:\/\/sleepyfrance.fr\/wp-content\/uploads\/2023\/12\/Couche-Bio.mp4?_=1\" \/><a href=\"http:\/\/sleepyfrance.fr\/wp-content\/uploads\/2023\/12\/Couche-Bio.mp4\">http:\/\/sleepyfrance.fr\/wp-content\/uploads\/2023\/12\/Couche-Bio.mp4<\/a><\/video><\/div>\n","protected":false},"excerpt":{"rendered":"<div style=\"width: 1200px;\" class=\"wp-video\"><video class=\"wp-video-shortcode\" id=\"video-1380-2\" width=\"1200\" height=\"675\" preload=\"metadata\" controls=\"controls\"><source type=\"video\/mp4\" src=\"http:\/\/sleepyfrance.fr\/wp-content\/uploads\/2023\/12\/outputcompress-video-online.com_.mp4?_=2\" \/><a href=\"http:\/\/sleepyfrance.fr\/wp-content\/uploads\/2023\/12\/outputcompress-video-online.com_.mp4\">http:\/\/sleepyfrance.fr\/wp-content\/uploads\/2023\/12\/outputcompress-video-online.com_.mp4<\/a><\/video><\/div>\n<h1>Nos certifications &amp; labels<\/h1>\n<p>Nos couches et nos culottes sont certifi\u00e9es Ecolabel europ\u00e9en, Dermatests\u00ae, et la cellulose qui les compose est certifi\u00e9e FSC\u00ae et TCF : c&#8217;est-\u00e0-dire qu&#8217;elle est issue de for\u00eats g\u00e9r\u00e9es durablement et de sources contr\u00f4l\u00e9es et qu&#8217;elle est blanchie sans chlore ni d\u00e9riv\u00e9s de chlore. Notre gamme Pure Nature poss\u00e8de une cellulose non blanchie.<\/p>\n<div class=\"icons\">\n<p><img decoding=\"async\" src=\"https:\/\/www.sleepyfrance.fr\/wp-content\/uploads\/2023\/12\/gots-100x100.jpg\" alt=\"Icon 1\" \/> <img decoding=\"async\" src=\"https:\/\/www.sleepyfrance.fr\/wp-content\/uploads\/2023\/12\/Oeko-Tex-100x100.jpg\" alt=\"Icon 2\" \/> <img decoding=\"async\" src=\"https:\/\/www.sleepyfrance.fr\/wp-content\/uploads\/2023\/12\/vegan-100x100.jpg\" alt=\"Icon 3\" \/><\/p>\n<\/div>\n","protected":false},"featured_media":1381,"comment_status":"open","ping_status":"closed","template":"","meta":[],"product_cat":[67],"product_tag":[],"class_list":{"0":"post-1380","1":"product","2":"type-product","3":"status-publish","4":"has-post-thumbnail","5":"hentry","6":"product_cat-couche","8":"entry","9":"has-media","10":"owp-thumbs-layout-horizontal","11":"owp-btn-normal","12":"owp-tabs-layout-horizontal","13":"has-product-nav"},"yoast_head":"<!-- This site is optimized with the Yoast SEO plugin v21.6 - https:\/\/yoast.com\/wordpress\/plugins\/seo\/ -->\n<title>COUCHE BIO NATURAL TAILLE 2 PACK ECONOMIQUE 136 PCS - Sleepyfrance.fr<\/title>\n<meta name=\"robots\" content=\"index, follow, max-snippet:-1, max-image-preview:large, max-video-preview:-1\" \/>\n<link rel=\"canonical\" href=\"https:\/\/www.sleepyfrance.fr\/index.php\/produit\/couche-bio-natural-taille-2-pack-economique-136-pcs\/\" \/>\n<meta property=\"og:locale\" content=\"en_US\" \/>\n<meta property=\"og:type\" content=\"article\" \/>\n<meta property=\"og:title\" content=\"COUCHE BIO NATURAL TAILLE 2 PACK ECONOMIQUE 136 PCS - Sleepyfrance.fr\" \/>\n<meta property=\"og:description\" content=\"Nos certifications &amp; labels Nos couches et nos culottes sont certifi\u00e9es Ecolabel europ\u00e9en, Dermatests\u00ae, et la cellulose qui les compose est certifi\u00e9e FSC\u00ae et TCF : c&#039;est-\u00e0-dire qu&#039;elle est issue de for\u00eats g\u00e9r\u00e9es durablement et de sources contr\u00f4l\u00e9es et qu&#039;elle est blanchie sans chlore ni d\u00e9riv\u00e9s de chlore. Notre gamme Pure Nature poss\u00e8de une cellulose non blanchie.\" \/>\n<meta property=\"og:url\" content=\"https:\/\/www.sleepyfrance.fr\/index.php\/produit\/couche-bio-natural-taille-2-pack-economique-136-pcs\/\" \/>\n<meta property=\"og:site_name\" content=\"Sleepyfrance.fr\" \/>\n<meta property=\"article:modified_time\" content=\"2023-12-21T21:43:14+00:00\" \/>\n<meta property=\"og:image\" content=\"https:\/\/www.sleepyfrance.fr\/wp-content\/uploads\/2023\/12\/ECO-2.jpg\" \/>\n\t<meta property=\"og:image:width\" content=\"572\" \/>\n\t<meta property=\"og:image:height\" content=\"764\" \/>\n\t<meta property=\"og:image:type\" content=\"image\/jpeg\" \/>\n<meta name=\"twitter:card\" content=\"summary_large_image\" \/>\n<meta name=\"twitter:label1\" content=\"Est. reading time\" \/>\n\t<meta name=\"twitter:data1\" content=\"1 minute\" \/>\n<script type=\"application\/ld+json\" class=\"yoast-schema-graph\">{\"@context\":\"https:\/\/schema.org\",\"@graph\":[{\"@type\":\"WebPage\",\"@id\":\"https:\/\/www.sleepyfrance.fr\/index.php\/produit\/couche-bio-natural-taille-2-pack-economique-136-pcs\/\",\"url\":\"https:\/\/www.sleepyfrance.fr\/index.php\/produit\/couche-bio-natural-taille-2-pack-economique-136-pcs\/\",\"name\":\"COUCHE BIO NATURAL TAILLE 2 PACK ECONOMIQUE 136 PCS - Sleepyfrance.fr\",\"isPartOf\":{\"@id\":\"https:\/\/www.sleepyfrance.fr\/#website\"},\"datePublished\":\"2023-12-19T21:46:38+00:00\",\"dateModified\":\"2023-12-21T21:43:14+00:00\",\"breadcrumb\":{\"@id\":\"https:\/\/www.sleepyfrance.fr\/index.php\/produit\/couche-bio-natural-taille-2-pack-economique-136-pcs\/#breadcrumb\"},\"inLanguage\":\"en-US\",\"potentialAction\":[{\"@type\":\"ReadAction\",\"target\":[\"https:\/\/www.sleepyfrance.fr\/index.php\/produit\/couche-bio-natural-taille-2-pack-economique-136-pcs\/\"]}]},{\"@type\":\"BreadcrumbList\",\"@id\":\"https:\/\/www.sleepyfrance.fr\/index.php\/produit\/couche-bio-natural-taille-2-pack-economique-136-pcs\/#breadcrumb\",\"itemListElement\":[{\"@type\":\"ListItem\",\"position\":1,\"name\":\"Accueil\",\"item\":\"https:\/\/www.sleepyfrance.fr\/\"},{\"@type\":\"ListItem\",\"position\":2,\"name\":\"Shop\",\"item\":\"https:\/\/www.sleepyfrance.fr\/index.php\/shop\/\"},{\"@type\":\"ListItem\",\"position\":3,\"name\":\"COUCHE BIO NATURAL TAILLE 2 PACK ECONOMIQUE 136 PCS\"}]},{\"@type\":\"WebSite\",\"@id\":\"https:\/\/www.sleepyfrance.fr\/#website\",\"url\":\"https:\/\/www.sleepyfrance.fr\/\",\"name\":\"Sleepyfrance.fr\",\"description\":\"Marketsleepy\",\"publisher\":{\"@id\":\"https:\/\/www.sleepyfrance.fr\/#organization\"},\"potentialAction\":[{\"@type\":\"SearchAction\",\"target\":{\"@type\":\"EntryPoint\",\"urlTemplate\":\"https:\/\/www.sleepyfrance.fr\/?s={search_term_string}\"},\"query-input\":\"required name=search_term_string\"}],\"inLanguage\":\"en-US\"},{\"@type\":\"Organization\",\"@id\":\"https:\/\/www.sleepyfrance.fr\/#organization\",\"name\":\"Sleepyfrance.fr\",\"url\":\"https:\/\/www.sleepyfrance.fr\/\",\"logo\":{\"@type\":\"ImageObject\",\"inLanguage\":\"en-US\",\"@id\":\"https:\/\/www.sleepyfrance.fr\/#\/schema\/logo\/image\/\",\"url\":\"https:\/\/www.sleepyfrance.fr\/wp-content\/uploads\/2023\/12\/1-LOGO-SLEEPY-SANS-FOND.png\",\"contentUrl\":\"https:\/\/www.sleepyfrance.fr\/wp-content\/uploads\/2023\/12\/1-LOGO-SLEEPY-SANS-FOND.png\",\"width\":503,\"height\":496,\"caption\":\"Sleepyfrance.fr\"},\"image\":{\"@id\":\"https:\/\/www.sleepyfrance.fr\/#\/schema\/logo\/image\/\"}}]}<\/script>\n<!-- \/ Yoast SEO plugin. -->","yoast_head_json":{"title":"COUCHE BIO NATURAL TAILLE 2 PACK ECONOMIQUE 136 PCS - Sleepyfrance.fr","robots":{"index":"index","follow":"follow","max-snippet":"max-snippet:-1","max-image-preview":"max-image-preview:large","max-video-preview":"max-video-preview:-1"},"canonical":"https:\/\/www.sleepyfrance.fr\/index.php\/produit\/couche-bio-natural-taille-2-pack-economique-136-pcs\/","og_locale":"en_US","og_type":"article","og_title":"COUCHE BIO NATURAL TAILLE 2 PACK ECONOMIQUE 136 PCS - Sleepyfrance.fr","og_description":"Nos certifications &amp; labels Nos couches et nos culottes sont certifi\u00e9es Ecolabel europ\u00e9en, Dermatests\u00ae, et la cellulose qui les compose est certifi\u00e9e FSC\u00ae et TCF : c'est-\u00e0-dire qu'elle est issue de for\u00eats g\u00e9r\u00e9es durablement et de sources contr\u00f4l\u00e9es et qu'elle est blanchie sans chlore ni d\u00e9riv\u00e9s de chlore. Notre gamme Pure Nature poss\u00e8de une cellulose non blanchie.","og_url":"https:\/\/www.sleepyfrance.fr\/index.php\/produit\/couche-bio-natural-taille-2-pack-economique-136-pcs\/","og_site_name":"Sleepyfrance.fr","article_modified_time":"2023-12-21T21:43:14+00:00","og_image":[{"width":572,"height":764,"url":"https:\/\/www.sleepyfrance.fr\/wp-content\/uploads\/2023\/12\/ECO-2.jpg","type":"image\/jpeg"}],"twitter_card":"summary_large_image","twitter_misc":{"Est. reading time":"1 minute"},"schema":{"@context":"https:\/\/schema.org","@graph":[{"@type":"WebPage","@id":"https:\/\/www.sleepyfrance.fr\/index.php\/produit\/couche-bio-natural-taille-2-pack-economique-136-pcs\/","url":"https:\/\/www.sleepyfrance.fr\/index.php\/produit\/couche-bio-natural-taille-2-pack-economique-136-pcs\/","name":"COUCHE BIO NATURAL TAILLE 2 PACK ECONOMIQUE 136 PCS - Sleepyfrance.fr","isPartOf":{"@id":"https:\/\/www.sleepyfrance.fr\/#website"},"datePublished":"2023-12-19T21:46:38+00:00","dateModified":"2023-12-21T21:43:14+00:00","breadcrumb":{"@id":"https:\/\/www.sleepyfrance.fr\/index.php\/produit\/couche-bio-natural-taille-2-pack-economique-136-pcs\/#breadcrumb"},"inLanguage":"en-US","potentialAction":[{"@type":"ReadAction","target":["https:\/\/www.sleepyfrance.fr\/index.php\/produit\/couche-bio-natural-taille-2-pack-economique-136-pcs\/"]}]},{"@type":"BreadcrumbList","@id":"https:\/\/www.sleepyfrance.fr\/index.php\/produit\/couche-bio-natural-taille-2-pack-economique-136-pcs\/#breadcrumb","itemListElement":[{"@type":"ListItem","position":1,"name":"Accueil","item":"https:\/\/www.sleepyfrance.fr\/"},{"@type":"ListItem","position":2,"name":"Shop","item":"https:\/\/www.sleepyfrance.fr\/index.php\/shop\/"},{"@type":"ListItem","position":3,"name":"COUCHE BIO NATURAL TAILLE 2 PACK ECONOMIQUE 136 PCS"}]},{"@type":"WebSite","@id":"https:\/\/www.sleepyfrance.fr\/#website","url":"https:\/\/www.sleepyfrance.fr\/","name":"Sleepyfrance.fr","description":"Marketsleepy","publisher":{"@id":"https:\/\/www.sleepyfrance.fr\/#organization"},"potentialAction":[{"@type":"SearchAction","target":{"@type":"EntryPoint","urlTemplate":"https:\/\/www.sleepyfrance.fr\/?s={search_term_string}"},"query-input":"required name=search_term_string"}],"inLanguage":"en-US"},{"@type":"Organization","@id":"https:\/\/www.sleepyfrance.fr\/#organization","name":"Sleepyfrance.fr","url":"https:\/\/www.sleepyfrance.fr\/","logo":{"@type":"ImageObject","inLanguage":"en-US","@id":"https:\/\/www.sleepyfrance.fr\/#\/schema\/logo\/image\/","url":"https:\/\/www.sleepyfrance.fr\/wp-content\/uploads\/2023\/12\/1-LOGO-SLEEPY-SANS-FOND.png","contentUrl":"https:\/\/www.sleepyfrance.fr\/wp-content\/uploads\/2023\/12\/1-LOGO-SLEEPY-SANS-FOND.png","width":503,"height":496,"caption":"Sleepyfrance.fr"},"image":{"@id":"https:\/\/www.sleepyfrance.fr\/#\/schema\/logo\/image\/"}}]}},"jetpack_sharing_enabled":true,"_links":{"self":[{"href":"https:\/\/www.sleepyfrance.fr\/index.php\/wp-json\/wp\/v2\/product\/1380","targetHints":{"allow":["GET"]}}],"collection":[{"href":"https:\/\/www.sleepyfrance.fr\/index.php\/wp-json\/wp\/v2\/product"}],"about":[{"href":"https:\/\/www.sleepyfrance.fr\/index.php\/wp-json\/wp\/v2\/types\/product"}],"replies":[{"embeddable":true,"href":"https:\/\/www.sleepyfrance.fr\/index.php\/wp-json\/wp\/v2\/comments?post=1380"}],"wp:featuredmedia":[{"embeddable":true,"href":"https:\/\/www.sleepyfrance.fr\/index.php\/wp-json\/wp\/v2\/media\/1381"}],"wp:attachment":[{"href":"https:\/\/www.sleepyfrance.fr\/index.php\/wp-json\/wp\/v2\/media?parent=1380"}],"wp:term":[{"taxonomy":"product_cat","embeddable":true,"href":"https:\/\/www.sleepyfrance.fr\/index.php\/wp-json\/wp\/v2\/product_cat?post=1380"},{"taxonomy":"product_tag","embeddable":true,"href":"https:\/\/www.sleepyfrance.fr\/index.php\/wp-json\/wp\/v2\/product_tag?post=1380"}],"curies":[{"name":"wp","href":"https:\/\/api.w.org\/{rel}","templated":true}]}}